late the highest common divisor of l and 162.
18
Let b = -12 - -14. Let r be 13/3 - b/(-3). Let p(f) = -f**2 + 6*f + 7. Let x be p(r). What is the highest common divisor of 84 and x?
12
Let n = -2837 + 2892. Calculate the greatest common divisor of 704 and n.
11
Let t(l) = -l**3 + 10*l**2 + 14*l - 19. Let s be t(11). What is the greatest common divisor of 49 and s?
7
Suppose 4*q = 3*q. Suppose q = 2*m - 116 - 350. Let s = -158 + m. What is the greatest common factor of s and 15?
15
Let o(w) = -5*w**3 - 41*w**2 - 28*w + 5. Let a be o(-9). What is the greatest common divisor of 14 and a?
7
Suppose -14*g - 336 = -42*g. Calculate the greatest common divisor of 42 and g.
6
Let a = 1400 - 1010. Calculate the highest common factor of a and 117.
39
Suppose d - 112 = -3*n, -264 = -114*d + 112*d + 4*n. What is the greatest common divisor of d and 2?
2
Let r be (2/3)/(12/630). Suppose -203 = -3*c - r. Calculate the highest common divisor of c and 16.
8
Suppose -q + 0*q + 12 = 0. Let x = 72 + -66. Calculate the greatest common factor of x and q.
6
Let l be (534285/(-54))/(-31) + 5/6. What is the highest common factor of l and 240?
80
Let n be 2/1*(-28)/(-8). Let s be (-2)/n - 148/(-28). Suppose s*w = 3*p - 722, -2*p + w + 448 = 6*w. Calculate the highest common divisor of 26 and p.
26
Suppose -5 = -5*y + 5*h - 0, -2*y = 3*h - 17. Suppose -y*z + 4*n + 269 + 55 = 0, z - 2*n - 81 = 0. What is the greatest common divisor of 9 and z?
9
Suppose 36*c - 1680 = c. What is the greatest common divisor of 200 and c?
8
Let b be -1*34/(-17) + 82/1. What is the highest common factor of b and 63?
21
Let t = -25 - -134. Suppose -104*c = -t*c + 20. What is the greatest common divisor of c and 64?
4
Let w be (-8)/(-6) + (-9)/27. Suppose z + w = 7. Let m be 2 + -2 + -2 + 56. Calculate the highest common factor of z and m.
6
Suppose 3*q + 12 + 7 = 4*u, 4*u = -5*q + 11. Suppose 4*w - 640 = 5*g, -5*w + u*w = -5*g - 175. What is the highest common divisor of w and 62?
31
Suppose -15*j - 2*j + 527 = 0. What is the highest common divisor of 744 and j?
31
Suppose -3*a = 3*w - 108, 0 = 2*a + 3*a - w - 192. Calculate the highest common divisor of a and 342.
38
Let n = -21 - -24. Suppose -2*f = -5*h + 34, -n*f - 7 = -h - h. Suppose -2*y - 41 + 185 = 0. What is the highest common factor of h and y?
8
Let s be (-2752)/(-6) + 43/129. What is the highest common divisor of 85 and s?
17
Let z be (-12)/(-18)*(-96)/(-2). Let w = 33 - z. Suppose -2*d = -w - 17. What is the greatest common factor of d and 9?
9
Let k be (-3)/(-4) + 513/36. Let r = -8 + k. What is the greatest common divisor of 70 and r?
7
Suppose 2*s + 5*b = s + 26, -s + 5*b - 24 = 0. Let o(u) = u**3 - 7*u**2 + 7*u + 3. Let w be o(6). Calculate the highest common factor of w and s.
1
Suppose 0 = -5*q + 4*u + 116, 5*u = -0*q - q + 29. Let i(d) = -d**2 - 21*d - 32. Let r be i(-8). What is the greatest common factor of r and q?
24
Suppose 5*k - c + 126 = -3*c, -111 = 4*k + 5*c. Let a = 34 + k. What is the greatest common factor of a and 80?
10
Let d = -2509 + 2549. What is the greatest common divisor of d and 55?
5
Suppose -2*t + 12 = -30. Let l = -217 + 322. What is the greatest common factor of t and l?
21
Let x = 23 - -49. Suppose k + 6 + 11 = -3*z, 15 = -5*k - z. Let a be (-6 + -18)*k/2. What is the greatest common factor of a and x?
24
Let f = 120 - -6. Let w(g) = g**3 + 8*g**2 + 5*g - 6. Let d be w(-6). Calculate the greatest common divisor of f and d.
18
Let b(w) = -w**3 + 2*w**2 + 15*w + 12. Let c be b(-4). Suppose 0 = -4*q - 0*q + 64. What is the highest common divisor of q and c?
16
Let v = 75 + -45. Let l = -7 + v. Calculate the greatest common factor of 23 and l.
23
Let r = 60 + -9. What is the highest common divisor of 255 and r?
51
Let m be -1*4/10 - (-8)/20. Let z(x) = -x**2 + 2*x + 3. Let t be z(m). What is the highest common factor of 33 and t?
3
Let b be 40/12 - 2/(-3). Let c(s) be the first derivative of -s**3/3 - 7*s**2/2 - 6*s + 1. Let q be c(-5). What is the greatest common divisor of b and q?
4
Let w = 4 + -8. Let h(x) = -x**2 - 4*x + 4. Let g be h(w). Suppose -g*l = -4*y + 8*y - 16, 3*y - 6 = -l. Calculate the greatest common divisor of y and 9.
1
Suppose 375 = 33*j - 28*j. What is the greatest common factor of j and 25?
25
Let k = 55 - 51. Suppose -k*t = 8 - 68. What is the greatest common divisor of t and 120?
15
Suppose -6*o + 268 = -2*o. Let w = o - 46. Calculate the greatest common divisor of 14 and w.
7
Let v(i) = -5*i - 21. Let h be v(9). Let t = -26 - h. Suppose 0*z = -5*x - z + 503, 4*z + 188 = 2*x. What is the highest common factor of x and t?
20
Let m be (-181)/(-5) - 1 - 4/20. Let k be ((-120)/m)/(4/(-14)). What is the greatest common divisor of k and 144?
12
Let m(h) = -2*h**2 - 14*h - 6. Let a be m(-7). Let f be a*(1 - 11/3). What is the greatest common divisor of 4 and f?
4
Let d be (-121)/(-11) + (-2)/1. Let t be (20 + -22)/((-166)/162 + 1). What is the highest common factor of t and d?
9
Suppose -85*d + 91*d - 336 = 0. Calculate the highest common divisor of d and 14.
14
Suppose 5*i = 2*q - 322, -i + 2*q - 37 = 21. Let o = -30 - i. Calculate the highest common factor of 90 and o.
18
Let y be 160/25 - 6/(-10). Suppose -4*g - 66 = -y*g. Suppose 5*d + 3*r - 52 = 0, -3*r = 2*d - 8*r - 27. What is the greatest common divisor of g and d?
11
Let q(z) = 18*z**2 - 12*z + 14. Let j be q(3). Calculate the highest common factor of 28 and j.
28
Let n = 15 + 3. Let a be (-2)/(-6) + 1254/n. Suppose 10 = -h + 2*h. What is the highest common divisor of h and a?
10
Suppose -1673 - 171 = -4*r. Suppose g - 6*g - 2*u + r = 0, 4*g - 376 = -4*u. Let z be (-65)/26*(-52)/10. What is the highest common factor of z and g?
13
Suppose -96 - 39 = -3*x. Suppose x + 70 = 5*h. Calculate the greatest common divisor of h and 69.
23
Suppose 0 = 3*u - 5*u + 20. Suppose -6*l + u*l - 72 = 0. What is the highest common factor of 9 and l?
9
Let z = 228 - 120. Let p(o) = o - 1. Let a(k) = k - 9. Let n(m) = a(m) + 4*p(m). Let v be n(5). What is the greatest common divisor of z and v?
12
Suppose 4*j - 7*j + 25 = 4*d, 2*j = -d + 15. Let l = 9 - -19. What is the highest common factor of j and l?
7
Suppose -30 = 5*y - 105. Let n = -20 + 42. Let q = 25 - n. What is the highest common divisor of y and q?
3
Let f(z) = 3*z - 5. Let b be f(7). Suppose 29*q - 42 = 22*q. Calculate the greatest common divisor of b and q.
2
Let a = 68 - 24. Suppose 2*i = -a + 206. What is the highest common factor of i and 9?
9
Suppose 2*n = -3*d + 21 + 589, n = -d + 203. What is the highest common factor of 84 and d?
12
Let p(z) = -4*z + 22. Let q be p(5). What is the greatest common divisor of q and 38?
2
Let b be 1/(4/208) + -7. What is the greatest common factor of b and 60?
15
Suppose -3*k - 4*r = -4*k - 38, -3*r = -9. Let n = k - -28. Let i be 13/n - (-9)/(-6). What is the highest common factor of i and 10?
5
Let j(o) = -2*o**3 + 11*o**2 + 9*o - 8. Let b be j(6). Suppose 0 = -3*z - 4*w + 198, 0 = 3*z - 0*w - w - 213. Calculate the greatest common divisor of z and b.
10
Let h = -443 - -496. Calculate the highest common factor of 2809 and h.
53
Let v(z) = 5*z**2 - z - 2. Let y be v(2). Let u = y + -8. Suppose u = -10*w + 12*w. Calculate the greatest common divisor of w and 1.
1
Suppose -96 = -3*j - 2*q, -3*j - 3*q + 66 + 30 = 0. What is the greatest common factor of 36 and j?
4
Suppose 118 = 3*g - 71. What is the greatest common divisor of g and 21?
21
Suppose -14*p = -4*p - 10530. What is the highest common divisor of 81 and p?
81
Let p(a) = 3*a**2 - 132*a + 106. Let i be p(44). What is the greatest common divisor of 530 and i?
106
Let a(f) = 41*f - 24. Let v be a(8). Let i(z) = z**2 - 160. Let q be i(0). Let k = v + q. What is the greatest common factor of k and 16?
16
Let d be -3*835/(-60) + (-2)/(-8). What is the greatest common divisor of d and 6?
6
Suppose 629 = -5*r + 8*r + j, -2*r = -3*j - 401. Calculate the highest common factor of 39 and r.
13
Let p be (-354)/(-4) - ((-3)/6 - -3). Calculate the highest common divisor of p and 301.
43
Let v = 1054 - 1044. What is the greatest common factor of 200 and v?
10
Suppose -4 = s + 4*y - 12, -5*y - 7 = -3*s. Let r(m) = 24*m + 2. Let w be r(s). Suppose 10*i - 8*i = 28. What is the greatest common divisor 